 m = -13 + 9. Let z be ((-1 - m) + 0)*5. Suppose z = 3*v + 3. What is the highest common factor of v and 4?
4
Let s = 36 + -23. Calculate the highest common divisor of s and 13.
13
Suppose 0 = -3*j + 25 - 10. Suppose n - j*n = -44. Let h be (-4)/6 - 134/(-3). Calculate the highest common factor of h and n.
11
Let b(h) = -h**3 - 8*h**2 - 2*h - 6. Let f be b(-8). Calculate the highest common divisor of f and 90.
10
Let s = -15 + 75. Calculate the highest common factor of s and 15.
15
Suppose o + 4*l + 21 = 77, -2*o = -4*l - 124. Calculate the highest common divisor of o and 12.
12
Suppose 0*g + 3*g - 63 = 0. Let y be 2/(-5) - (-74)/10. What is the greatest common factor of y and g?
7
Let s be (25/(-2))/(13/(-26)). What is the greatest common divisor of 10 and s?
5
Let u = 8 - 6. Calculate the greatest common divisor of u and 5.
1
Suppose 0*s + 65 = t + s, -3 = 3*s. Let x(q) = q**3 - 2*q**2 + 2*q + 2. Let j be x(2). Calculate the greatest common divisor of j and t.
6
Let u(q) = q. Let s be (2*(3 - 0))/1. Let g be u(s). What is the highest common factor of g and 6?
6
Let u = 7 + -7. Suppose f + u*f - 90 = 0. Calculate the greatest common factor of 10 and f.
10
Suppose -1 = -3*w + 2*b - 3*b, -2*w = -b + 1. Suppose 2*q - 28 = -4*a, 5*q + 3*a - 12 - 51 = w. Calculate the highest common factor of q and 4.
4
Let h(z) = -z**2 - 7*z + 6. Let u be h(-7). Suppose 0 = -u*w + 2*w + 160. Calculate the greatest common factor of w and 16.
8
Suppose -5*b + 0 + 5 = 0. Let a(u) = 8*u - 1. Let q be a(b). Let p = -5 + 26. Calculate the greatest common divisor of q and p.
7
Suppose -3*f + 42 = -18. What is the highest common divisor of f and 15?
5
Let w = 7 + -5. Suppose w*p + 2*x = 270, -3*x - x = 5*p - 675. Calculate the highest common factor of 15 and p.
15
Let f(h) = h**3 + 9*h**2 + 7*h - 6. Let o be 6/(1 + 14/(-8)). Let x be f(o). What is the greatest common factor of 4 and x?
2
Let h(c) = -c**2 + 14*c + 5. Let b be h(9). What is the highest common divisor of 20 and b?
10
Let z = 10 - -13. What is the greatest common divisor of z and 161?
23
Suppose -2*m + 0 = -6. Let q(r) = 4*r**2 - 1 + r**3 - 1 + 1 - 2*r**3. Let z be q(m). Calculate the greatest common divisor of 40 and z.
8
Suppose 2*v = 5*v - 36. Calculate the highest common divisor of v and 12.
12
Suppose -l - l = -4*r + 2, 4*l = -3*r + 7. Let s = 0 - -1. Calculate the highest common divisor of s and l.
1
Let w = -20 - -40. Suppose -4*k + 59 = 3*l, l - k = 2*l - w. Calculate the greatest common factor of 14 and l.
7
Let q = 141 + -101. Suppose f + 9 + 25 = 3*t, -5*f = -t + 30. Calculate the highest common factor of q and t.
10
Let c(w) = 8*w + 55. Let x be c(-6). What is the highest common divisor of 91 and x?
7
Suppose 2*o - 26 = -3*f, 3*o = 2*o - 5. What is the greatest common factor of 18 and f?
6
Suppose -k - 13 - 22 = 0. Let j = -4 - k. Let f be 4/2*1 + j. Calculate the greatest common factor of f and 22.
11
Suppose -2 + 79 = v. Suppose -4*b + 32 = -2*b - 2*n, 2*n = 5*b - 65. Calculate the highest common divisor of b and v.
11
Suppose 6*g + 825 = 9*g. Calculate the highest common divisor of g and 25.
25
Suppose -6 = -3*a, -a + 2*a - 62 = -4*s. What is the greatest common factor of 10 and s?
5
Let q(y) = 58 - 14 + 28 - y. Let i be q(0). What is the greatest common divisor of i and 9?
9
Suppose 2*m - 160 - 524 = 0. Calculate the greatest common factor of 38 and m.
38
Let n = 14 - 11. What is the greatest common factor of 3 and n?
3
Let h(t) = -8*t + 6. Let f be h(-2). Calculate the greatest common factor of 242 and f.
22
Suppose z + 5*d + 81 = 0, 3*d - 189 = 4*z + 204. Let b = z + 164. Calculate the highest common divisor of 17 and b.
17
Let j be 369/45 - 2/10. Let b = -6 + j. Let r be -3 + 2 + 6/2. Calculate the greatest common divisor of b and r.
2
Let d be 3 + (3 + 0 - -6). Let t be (2/6)/(2/d). Calculate the highest common factor of t and 2.
2
Suppose 2*j = 7*j - 50. Suppose j = a - 2*v + 3*v, a - 25 = 2*v. What is the highest common divisor of 60 and a?
15
Let r = 31 + -8. What is the greatest common divisor of 23 and r?
23
Let v = 243 - 155. Calculate the highest common divisor of v and 8.
8
Suppose 0 = 5*a - 18 + 3. Suppose a*f - 2*q + 884 = 8*f, -2*f + 4*q + 344 = 0. Calculate the highest common divisor of f and 16.
16
Let t(u) = -4*u**3 + u**2 - 3*u - 3. Let a be t(-2). Calculate the greatest common divisor of 273 and a.
39
Suppose 3*y = 103 + 62. Let l(v) = v**2 - 4*v + 5. Let k be l(4). Suppose b - s - k = 3, 4*b - 23 = s. Calculate the greatest common divisor of y and b.
5
Let r = 70 - 58. Calculate the highest common factor of 3 and r.
3
Let d(p) = -p - 3. Let n be d(-6). Let a be (-4)/((-1 + n)/(-44)). What is the highest common divisor of a and 8?
8
Let y be (1/2)/(3/240). Suppose 4*g - y = 2*g. Let h = 10 + -6. Calculate the greatest common divisor of g and h.
4
Let p = -64 - -127. Let y(z) = 3*z**2 - 3. Let j be y(2). What is the highest common factor of p and j?
9
Let d(m) = m**3 - 6*m**2 + m + 5. Let t be d(6). Calculate the greatest common divisor of t and 99.
11
Suppose -42 = b + b - 2*p, -4*p + 8 = 0. Let j = -4 - b. Calculate the highest common factor of j and 45.
15
Suppose 0 = 7*y - 5*y - 1032. Let r = -318 + y. What is the highest common factor of 18 and r?
18
Let h(u) = -5*u - 5. Let t be h(-6). What is the greatest common divisor of t and 225?
25
Suppose -10*z - 16 = -11*z. Calculate the highest common factor of z and 4.
4
Suppose 0 = -2*o + 3*o - 5. Let b(j) = j + 7. Let m be b(o). What is the highest common divisor of 12 and m?
12
Let u(y) = y**2 + 8. Let l be u(6). What is the highest common divisor of l and 110?
22
Suppose -3*w = 4*d - 204, -w + 226 + 18 = 5*d. Calculate the highest common divisor of 16 and d.
16
Let d(f) = -7*f + 7. Let m(x) = -4*x + 4. Let q(g) = 3*d(g) - 5*m(g). Let l be q(-1). Let j be 20/l*264/30. What is the highest common divisor of 11 and j?
11
Suppose 0 = -7*h + 214 + 31. Calculate the greatest common factor of h and 10.
5
Suppose 5*g + 2*x - 174 = -0*g, -g + 5*x + 51 = 0. Calculate the greatest common factor of 18 and g.
18
Let x = -6 + 17. Let g = -174 + 273. What is the highest common divisor of x and g?
11
Let s = 11 - 3. Let v be (-2)/s + (-119)/(-28). What is the greatest common factor of v and 8?
4
Suppose 4*l - 5*o = 154, -5*o - 8 = -l + 38. Let d = -8 - -17. Calculate the greatest common divisor of d and l.
9
Suppose -t + 2*i + 24 = -i, 4*t - 63 = i. Suppose r - 2*r - t = 0. Let z = r - -33. What is the highest common factor of 126 and z?
18
Let i be (-1 + -2)/(2/(-14)). Let h = i - 15. Let q = 17 - h. What is the greatest common factor of 121 and q?
11
Suppose -4*t = t - 50. Let p be (-300)/9*(-24)/t. Suppose 0 = 2*j + 3*j - 50. What is the highest common divisor of j and p?
10
Suppose -l + 238 = m - 0*l, 4*l = -20. Let y be (-33 + -3)*(-9)/12. Calculate the highest common divisor of y and m.
27
Suppose 4*k + 44 - 168 = 0. Let u = k - 19. Calculate the greatest common factor of 12 and u.
12
Suppose -10*f + 5*f = -15. Calculate the greatest common factor of 93 and f.
3
Let c(q) = -q**3 - 7*q**2 - 8*q - 6. Let v be c(-7). Suppose v = o + 8. What is the greatest common divisor of 63 and o?
21
Let n(w) = -5*w - 85. Let a be n(-39). Suppose y - 1 = -4. Let z be (20/(-6))/(y/9). Calculate the highest common divisor of z and a.
10
Suppose -3*o - 6 = 3*a, 5*o + 12 - 2 = a. Suppose 0*i - 5*i + 25 = a. Calculate the highest common factor of 15 and i.
5
Suppose -3*d + 612 = 4*a - 0*a, -5*a - 2*d = -772. What is the highest common factor of 39 and a?
39
Suppose 4*u + 0*u - v = 79, 3*u - 58 = 2*v. Calculate the highest common factor of 160 and u.
20
Suppose 8*b - 3*b - 675 = 0. Let r = 212 - b. Calculate the highest common divisor of r and 7.
7
Let c = 234 - 133. Suppose 5*v - o = v + c, -4*o = 5*v - 142. Let t = -20 + 59. What is the greatest common divisor of v and t?
13
Let o = 5 - 2. Suppose -d + 1 = -o. Suppose d*a - 40 = -4*v, -2*v - 12 = -a + 4. What is the greatest common divisor of a and 24?
12
Let o be (-5 + 32)*2/3. What is the highest common divisor of 2 and o?
2
Let t be 1/(3/6) + 3. What is the highest common factor of 10 and t?
5
Let s(n) = -14*n - 6. Let q be s(-6). What is the greatest common factor of 52 and q?
26
Let i(b) = -b